(-32)/(-56) - 171/(-7) is divided by 14.
11
Let q = 100 + -78. Calculate the remainder when 130 is divided by q.
20
Let s(f) = -2*f**2 - 20*f - 14. Calculate the remainder when (-126)/(-10) - (-2)/5 is divided by s(-9).
1
Suppose -m - 136 = -4*s, 5*m - 66 - 104 = -5*s. Let t(i) = -i**3 + 7*i**2 - 6*i - 2. Let v be t(6). Calculate the remainder when s is divided by 1*-1*24/v.
10
Suppose -n - 2 = -3*j - 2*n, 2*j - 4*n = 20. Let b = -4 + 7. Calculate the remainder when b is divided by j.
1
Let k(n) = n**3 + 6*n**2 - n - 1. Let a be k(-6). Suppose -3*f - 18 = -a*f. Calculate the remainder when 17*(1 - (1 + -1)) is divided by f.
8
Suppose 109 = 3*k - 20. What is the remainder when k is divided by 11?
10
Let y(o) = o**3 - 4*o**2 - 4*o - 7. Let j be y(5). Suppose -z + 74 = 73. Calculate the remainder when z is divided by (-6)/4*j/3.
0
Let z(a) = -3*a - 6. Suppose 4*i + 4*s - 437 = s, -5*i = -3*s - 553. Let y = i - 65. Calculate the remainder when y is divided by z(-6).
9
Let s = -114 - -55. Let a = 82 + s. Calculate the remainder when a is divided by 13.
10
Suppose -4*c + 4*b + 312 = 0, -4*b - 14 = 4*c - 294. Calculate the remainder when c is divided by 11.
8
Let h(u) = 6*u - 7. Calculate the remainder when h(6) is divided by (-13)/(39/(-36)) - 3*-1.
14
Let c = -100 - -148. Let u(f) = -f - 4. Let a be u(-8). Suppose -a*z + 85 = z. Calculate the remainder when c is divided by z.
14
Suppose -120*f = -125*f + 80. Let g(d) = -13*d + 5. Let y(m) = -53*m + 20. Let r(p) = -9*g(p) + 2*y(p). What is the remainder when r(6) is divided by f?
13
Suppose 5*x - m - 2 - 11 = 0, 4*x - 2*m = 14. Suppose 0*y + 102 = 5*y - x*n, 0 = 3*y - n - 62. Calculate the remainder when y is divided by 8.
6
Let d(m) = -m - 3. Let w(q) = -q**3 - 11*q**2 - 5. Let i be w(-11). Calculate the remainder when 5 is divided by d(i).
1
Let f(q) = -50*q + 1. Let n be f(-1). Suppose -4*u + n = 4*y + y, -2*y - 2*u = -20. What is the remainder when 32 is divided by y?
10
Let f(j) = -13*j**3 + j**2 - j + 1. Let w be f(1). Let x = 50 + -26. Let p = w + x. Calculate the remainder when 23 is divided by p.
11
Suppose -2*g = 3*l - 18, -4 = -l - 0. Suppose -4*a + 5*a = -3*j + 10, 2*j - 16 = -g*a. Suppose -j*o = 17 - 49. What is the remainder when 29 is divided by o?
13
Suppose 4*k = i + 47, 2*i - 46 = -2*k - 2*i. What is the remainder when 20 is divided by k?
7
Suppose -5*w + 76 = -4. What is the remainder when 29 is divided by w?
13
Suppose -2*y = b - 25, -137 = -5*b + 4*y - 2*y. Calculate the remainder when b is divided by 14.
13
What is the remainder when 24/5*130/39 is divided by 1/(((-2)/(-18))/1)?
7
Let u = 1 + -5. Calculate the remainder when (2/u)/(10/(-740)) is divided by 13.
11
Suppose 4*v = 3*b + 92, -5*v = -0*b - 2*b - 73. Let i(q) = -3*q + 5. Calculate the remainder when i(-5) is divided by (-3)/4 + (-186)/b.
6
Let s(n) = 2*n - 2. Let d be s(6). Let x(w) = -w**2 + 13*w + 9. What is the remainder when x(d) is divided by 10?
9
What is the remainder when 29 is divided by ((-20)/(-8) + -2)*10?
4
Suppose -56 - 234 = -5*m. Let i be 1/((-191)/(-95) + -2). Let h = i - m. What is the remainder when h is divided by 13?
11
Suppose -p + 100 = 3*p. Calculate the remainder when 97 is divided by p.
22
Suppose 49 + 86 = 5*s. Suppose 6*r - 56 = 2*r. Suppose -5*c + 35 = 5*z, 2*c - 5*z + r = 4*c. What is the remainder when s is divided by c?
6
Suppose -15 = -7*v + 2*v. Let u = -4 + 7. Calculate the remainder when v is divided by u.
0
Let j be (-268)/(-22) - 4/22. Let u = j + -2. Calculate the remainder when 17 is divided by u.
7
Let b(r) = r**2 - r. Suppose 0 = f + d - 6, -5*f - 2*d + d = -18. Suppose 16 = 4*c, -f*v + 59 = 2*v + c. Calculate the remainder when v is divided by b(-2).
5
Let v = -4 - -8. Suppose -v*i + 43 = -5*k, -4*k = -3*i - 2*k + 41. Calculate the remainder when 50 is divided by i.
16
Suppose 15 - 71 = 4*s. Calculate the remainder when (-2)/(-5) + 16/10 is divided by (-30)/(-26) + s/91.
0
Let q(p) = p**3 + 6*p**2 - 5*p + 1. Calculate the remainder when 203 is divided by q(-5).
50
Suppose 0*r + x + 129 = 4*r, 4*r - 144 = 4*x. Let y(l) = 5*l**2 + l - 2. Calculate the remainder when r is divided by y(-2).
15
Let q = 3 + -4. Let a be ((-5)/2)/(q/2). Suppose 0 = -a*u - 0*u + 20. Calculate the remainder when u is divided by 2.
0
What is the remainder when -214*(20/(-8) - -2) is divided by 28?
23
Suppose 32 = 7*n + 4. What is the remainder when 8 is divided by n?
0
Suppose 0 = 6*k - 4*k - 18. Calculate the remainder when k is divided by 1.
0
Let m be (1 - 0)*(-1 - 0). Let b = 1 - m. Suppose -r = -0*z + 4*z - 4, 5*r + 22 = z. Calculate the remainder when b is divided by z.
0
Let u(v) = -v**3 + 6*v**2 - v - 7. Let q = 18 - 13. Calculate the remainder when 0 + -2 - -3 - -23 is divided by u(q).
11
Let w = 37 + -28. Calculate the remainder when 34 is divided by w.
7
Suppose 4*q + 5*y - 204 = -53, -4*q = -4*y - 124. Calculate the remainder when 67 is divided by q.
33
Let u = 126 - 99. Calculate the remainder when 53 is divided by u.
26
Suppose -2*q - 3*u = -30, 0 = -2*q - 0*q + 2*u + 20. Calculate the remainder when 33 is divided by q.
9
Suppose -k = k - 38. Let p(d) = -2*d + 51. What is the remainder when p(-12) is divided by k?
18
Let z(m) = -m + 1. Let o = -13 - -17. Calculate the remainder when o/(-18) - 1816/(-72) is divided by z(-6).
4
Let s(o) = -3*o + 5. Let g(v) = 14 + 3*v - 6*v - 6*v. Let w(c) = 4*g(c) - 11*s(c). Calculate the remainder when 37 is divided by w(-4).
11
Let q(p) = p**3 - 2*p**2 - 2*p + 1. Let a be q(3). Let w = a + -1. Suppose m + 5*t - 2 = 0, -w*m - 1 = -t - 39. Calculate the remainder when 47 is divided by m.
11
Let t = -34 - -22. Let i(d) = -1. Let o(m) = -3*m**2 - m + 4. Let b(v) = t*i(v) - 3*o(v). Calculate the remainder when b(-2) is divided by 16.
14
Suppose 0 = -5*x - f - f + 25, 0 = x - f - 5. Let z(r) = -r**3 - 11*r**2 - 2*r - 13. Let y = 7 - 18. Calculate the remainder when z(y) is divided by x.
4
Suppose 2*b + 3*b - 10 = 0. Suppose 0 = b*k - 4*k + 14. Calculate the remainder when 12 is divided by k.
5
What is the remainder when 111 is divided by (4 - 5)/(3 - (-232)/(-76))?
16
Let x(b) = -2*b**3 - 2*b**2 + b + 4. What is the remainder when 47 is divided by x(-2)?
7
Calculate the remainder when 113 is divided by (-23 - 0)*(-3 + 4)*-1.
21
Let x(n) = n**3 + 2*n**2 - 4*n - 2. Let o be (-1 + 2)*(-2 - 3). Let t = o - -6. Calculate the remainder when t is divided by x(-3).
0
Let p(d) = d**3 - 6*d**2 + 4*d + 6. Let k be 15/(-1) + -1 + 3. Let r = k - -18. Calculate the remainder when p(r) is divided by 1.
0
Let k = -31 + 74. What is the remainder when 166 is divided by k?
37
Calculate the remainder when 24/18*(-276)/(-8) is divided by 23/2 - (-2)/4.
10
Let m = -105 - -70. Calculate the remainder when 41 is divided by ((-3)/(-5))/((-1)/m).
20
What is the remainder when ((-2)/(-4))/((-2)/(-84)) is divided by 0/((-14)/(-7)) + 8?
5
Let y = -52 - -93. What is the remainder when y is divided by 14?
13
Let t = 4 + 23. Calculate the remainder when t is divided by (10/(-7))/(6/(-42)).
7
Let x = 6 - -5. Calculate the remainder when 42 is divided by x.
9
Calculate the remainder when 42 is divided by (0 + 20/(-8))*-6.
12
Suppose 5*k = k + 5*o + 49, 5*k - o = 35. Let m = 0 + 2. Calculate the remainder when 5 is divided by m/k + 16/6.
2
Let p(l) = -14*l - 1. Suppose 6 = -3*i + 33. Suppose 2*d - 3 + i = 0. What is the remainder when p(d) is divided by 14?
13
Suppose v + 7 = 3*n, n - 16 = -3*n. What is the remainder when 22 is divided by v?
2
Let p(h) = -4 + 40*h + h**2 - 40*h. Calculate the remainder when p(5) is divided by 11.
10
Let i(u) = 2*u**2 - 4*u - 1. Calculate the remainder when 44 is divided by i(4).
14
Let i = 48 + -23. Calculate the remainder when 97 is divided by i.
22
Suppose 2*a - a - 9 = 0. Suppose -2*i + 17 = -i. Calculate the remainder when i is divided by a.
8
Suppose 0 = -5*a + 2*g + 3*g + 240, 0 = -4*a - 3*g + 185. Calculate the remainder when 185 is divided by a.
44
Suppose -5*r + 3*r = -92. Suppose 3*p + 3*c - 33 - 15 = 0, -5*p + c + 80 = 0. What is the remainder when r is divided by p?
14
Let v(q) = q**2 - 7*q + 5. Let p be v(5). Let z = -2 - p. Suppose 2*w = 59 + z. Calculate the remainder when w is divided by 11.
9
Suppose -j - 5*r = 12 + 1, -8 = 2*r. Let p be (